y 17.
14
Calculate the remainder when 15117 is divided by 40.
37
Calculate the remainder when 196 is divided by 11.
9
Calculate the remainder when 2289 is divided by 45.
39
Calculate the remainder when 206 is divided by 104.
102
What is the remainder when 208 is divided by 24?
16
What is the remainder when 8645 is divided by 15?
5
Calculate the remainder when 34 is divided by 16.
2
What is the remainder when 429 is divided by 128?
45
Calculate the remainder when 273 is divided by 51.
18
What is the remainder when 9743 is divided by 28?
27
What is the remainder when 112 is divided by 13?
8
What is the remainder when 856 is divided by 22?
20
Calculate the remainder when 934 is divided by 72.
70
What is the remainder when 1252 is divided by 11?
9
What is the remainder when 187 is divided by 21?
19
Calculate the remainder when 454 is divided by 92.
86
What is the remainder when 143 is divided by 23?
5
What is the remainder when 424 is divided by 154?
116
Calculate the remainder when 294 is divided by 10.
4
What is the remainder when 78 is divided by 46?
32
Calculate the remainder when 122 is divided by 119.
3
Calculate the remainder when 2937 is divided by 35.
32
What is the remainder when 53 is divided by 9?
8
Calculate the remainder when 893 is divided by 106.
45
What is the remainder when 1314 is divided by 102?
90
What is the remainder when 2615 is divided by 202?
191
What is the remainder when 4177 is divided by 123?
118
What is the remainder when 302 is divided by 14?
8
Calculate the remainder when 377 is divided by 125.
2
What is the remainder when 171 is divided by 118?
53
What is the remainder when 248 is divided by 17?
10
Calculate the remainder when 297 is divided by 15.
12
Calculate the remainder when 662 is divided by 24.
14
What is the remainder when 277 is divided by 32?
21
What is the remainder when 496 is divided by 59?
24
What is the remainder when 95 is divided by 13?
4
Calculate the remainder when 544 is divided by 20.
4
Calculate the remainder when 427 is divided by 411.
16
What is the remainder when 622 is divided by 26?
24
Calculate the remainder when 35 is divided by 6.
5
What is the remainder when 2524 is divided by 6?
4
Calculate the remainder when 7467 is divided by 13.
5
Calculate the remainder when 215 is divided by 115.
100
Calculate the remainder when 743 is divided by 58.
47
What is the remainder when 4362 is divided by 118?
114
What is the remainder when 17984 is divided by 11?
10
What is the remainder when 245 is divided by 163?
82
Calculate the remainder when 40 is divided by 14.
12
Calculate the remainder when 3479 is divided by 167.
139
What is the remainder when 246 is divided by 20?
6
Calculate the remainder when 1384 is divided by 11.
9
Calculate the remainder when 222 is divided by 38.
32
What is the remainder when 5818 is divided by 13?
7
Calculate the remainder when 174 is divided by 94.
80
Calculate the remainder when 49 is divided by 18.
13
What is the remainder when 210 is divided by 53?
51
What is the remainder when 558 is divided by 8?
6
What is the remainder when 406 is divided by 41?
37
Calculate the remainder when 502 is divided by 124.
6
What is the remainder when 969 is divided by 11?
1
What is the remainder when 3885 is divided by 72?
69
What is the remainder when 118 is divided by 51?
16
Calculate the remainder when 232 is divided by 18.
16
Calculate the remainder when 389 is divided by 154.
81
What is the remainder when 67 is divided by 41?
26
Calculate the remainder when 1149 is divided by 12.
9
Calculate the remainder when 38058 is divided by 44.
42
What is the remainder when 10494 is divided by 25?
19
What is the remainder when 601 is divided by 9?
7
What is the remainder when 223 is divided by 39?
28
What is the remainder when 855 is divided by 169?
10
Calculate the remainder when 159 is divided by 5.
4
What is the remainder when 695 is divided by 54?
47
Calculate the remainder when 29 is divided by 8.
5
What is the remainder when 157 is divided by 31?
2
Calculate the remainder when 103 is divided by 12.
7
What is the remainder when 565 is divided by 284?
281
Calculate the remainder when 453 is divided by 171.
111
What is the remainder when 28506 is divided by 13?
10
Calculate the remainder when 1786 is divided by 446.
2
What is the remainder when 55 is divided by 14?
13
Calculate the remainder when 122 is divided by 40.
2
Calculate the remainder when 539 is divided by 172.
23
Calculate the remainder when 251 is divided by 33.
20
What is the remainder when 384 is divided by 9?
6
Calculate the remainder when 139 is divided by 35.
34
Calculate the remainder when 278 is divided by 61.
34
What is the remainder when 39 is divided by 26?
13
Calculate the remainder when 149 is divided by 72.
5
Calculate the remainder when 57 is divided by 33.
24
Calculate the remainder when 60 is divided by 25.
10
Calculate the remainder when 1871 is divided by 36.
35
Calculate the remainder when 1101 is divided by 277.
270
Calculate the remainder when 2463 is divided by 42.
27
What is the remainder when 734 is divided by 67?
64
Calculate the remainder when 2023 is divided by 25.
23
Calculate the remainder when 491 is divided by 87.
56
Calculate the remainder when 1023 is divided by 312.
87
Calculate the remainder when 850 is divided by 61.
57
Calculate the remainder when 127 is divided by 50.
27
What is the remainder when 361 is divided by 180?
1
What is the remainder when 2600 is divided by 62?
58
Calculate the remainder when 283 is divided by 57.
55
Calculate the remainder when 230 is divided by 13.
9
What is the remainder when 28221 is divided by 103?
102
Calculate the remainder when 5726 is divided by 122.
114
Calculate the remainder when 1760 is divided by 17.
9
Calculate the remainder when 1233 is divided by 596.
41
Calculate the remainder when 456 is divided by 78.
66
What is the remainder when 2917 is divided by 223?
18
What is the remainder when 255 is divided by 122?
11
What is the remainder when 423 is divided by 24?
15
Calculate the remainder when 24 is divided by 2.
0
Calculate the remainder when 127 is divided by 39.
10
Calculate the remainder when 3736 is divided by 7.
5
Calculate the remainder when 41 is divided by 3.
2
Calculate the remainder when 349 is divided by 11.
8
What is the remainder when 833 is divided by 69?
5
Calculate the remainder when 221 is divided by 45.
41
Calculate the remainder when 792 is divided by 276.
240
Calculate the remainder when 5 is divided by 4.
1
What is the remainder when 220 is divided by 17?
16
What is the remainder when 149 is divided by 31?
25
What is the remainder when 368 is divided by 193?
175
What is the remainder when 752 is divided by 107?
3
What is the remainder when 233 is divided by 85?
63
What is the remainder when 28 is divided by 19?
9
What is the remainder when 1107 is divided by 15?
12
What is the remainder when 2534 is divided by 43?
40
Calculate the remainder when 2891 is divided by 153.
137
What is the remainder when 65 is divided by 33?
32
What is the remainder when 96 is divided by 32?
0
Calculate the remainder when 8055 is divided by 4023.
9
Calculate the remainder when 4548 is divided by 151.
18
What is the remainder when 577 is divided by 17?
16
Calculate the remainder when 5936 is divided by 48.
32
Calculate the remainder when 183 is divided by 55.
18
Calculate the remainder when 12603 is divided by 65.
58
Calculate the remainder when 5472 is divided by 13.
12
What is the remainder when 224 is divided by 46?
40
What is the remainder when 4277 is divided by 93?
92
What is the remainder when 2135 is divided by 8?
7
What is the remainder when 7057 is divided by 181?
179
What is the remainder when 9 is divided by 2?
1
Calculate the remainder when 126 is divided by 32.
30
What is the remainder when 1753 is divided by 13?
11
What is the remainder when 109 is divided by 45?
19
Calculate the remainder when 258 is divided by 222.
36
What is the remainder when 541 is divided by 14?
9
What is the remainder when 1105 is divided by 62?
51
Calculate the remainder when 130 is divided by 17.
11
Calculate the remainder when 22 is divided by 12.
10
What is the remainder when 1042 is divided by 511?
20
Calculate the remainder when 45979 is divided b